1
What are the prime factors of 1377275521?
103, 1117, 11971
List the prime factors of 1678704782.
2, 839352391
List the prime factors of 361241685.
3, 5, 7, 1146799
List the prime factors of 521350766.
2, 19, 13719757
What are the prime factors of 55196607?
3, 71, 479, 541
List the prime factors of 335026142.
2, 11, 23, 662107
List the prime factors of 775730088.
2, 3, 7, 139, 3691
List the prime factors of 89839651.
11, 29, 41, 6869
List the prime factors of 52615419.
3, 47, 97, 3847
List the prime factors of 425901431.
425901431
List the prime factors of 616775460.
2, 3, 5, 7, 1468513
What are the prime factors of 589039353?
3, 7, 593, 15767
List the prime factors of 249690365.
5, 3727, 13399
What are the prime factors of 27274947?
3, 7, 31, 41897
List the prime factors of 157532141.
13, 107, 109, 1039
What are the prime factors of 4961518235?
5, 43, 131, 176159
What are the prime factors of 54144712?
2, 6768089
What are the prime factors of 595483569?
3, 107, 127, 541
What are the prime factors of 64932721?
7, 229, 40507
List the prime factors of 456227217.
3, 29, 31, 113, 499
What are the prime factors of 28873505?
5, 37, 97, 1609
List the prime factors of 15341649.
3, 239, 21397
List the prime factors of 84184520.
2, 5, 7, 47, 6397
What are the prime factors of 1570190382?
2, 3, 47, 1856017
List the prime factors of 123112760.
2, 5, 3077819
What are the prime factors of 31643033?
31, 1020743
List the prime factors of 88090340.
2, 5, 13, 37, 9157
What are the prime factors of 23365522?
2, 1811, 6451
List the prime factors of 78611545.
5, 15722309
What are the prime factors of 412469603?
7, 13, 23, 47, 599
List the prime factors of 141093023.
389, 362707
List the prime factors of 721724687.
173, 4171819
What are the prime factors of 864657002?
2, 11, 39302591
What are the prime factors of 649719834?
2, 3, 108286639
List the prime factors of 4953122889.
3, 11, 13, 29, 398129
List the prime factors of 2464092677.
29, 977, 86969
What are the prime factors of 5230431076?
2, 13, 43, 2339191
List the prime factors of 863767940.
2, 5, 7, 317, 19463
What are the prime factors of 2412466810?
2, 5, 13, 31, 101, 5927
What are the prime factors of 25252629?
3, 1783, 4721
List the prime factors of 64928195.
5, 23, 564593
What are the prime factors of 600427743?
3, 17, 11773093
List the prime factors of 49586752.
2, 29, 26717
List the prime factors of 1643336141.
271, 1381, 4391
What are the prime factors of 1720587?
3, 11, 17, 3067
List the prime factors of 831869763.
3, 79, 3509999
List the prime factors of 1612809.
3, 11, 1481
What are the prime factors of 216295933?
7, 23, 58411
What are the prime factors of 5642551437?
3, 1880850479
What are the prime factors of 709831678?
2, 19, 1979, 9439
List the prime factors of 28835597.
7, 19, 11411
List the prime factors of 2440720160.
2, 5, 41, 372061
List the prime factors of 2068734461.
32491, 63671
List the prime factors of 23824441.
47, 506903
What are the prime factors of 4923739379?
13, 53, 61, 193, 607
What are the prime factors of 164143843?
164143843
What are the prime factors of 174307135?
5, 1201, 29027
What are the prime factors of 531243722?
2, 1523, 174407
What are the prime factors of 1177267611?
3, 13, 30186349
List the prime factors of 1424017441.
7, 11, 18493733
What are the prime factors of 201107220?
2, 3, 5, 1433, 2339
List the prime factors of 132720305.
5, 163, 162847
What are the prime factors of 1207009932?
2, 3, 100584161
List the prime factors of 401185356.
2, 3, 11, 13, 43, 5437
List the prime factors of 100973991.
3, 33657997
What are the prime factors of 298037966?
2, 149018983
What are the prime factors of 135441210?
2, 3, 5, 17, 265571
List the prime factors of 84098202.
2, 3, 29, 483323
List the prime factors of 5417123455.
5, 167, 1489, 4357
What are the prime factors of 1101951804?
2, 3, 23, 1163, 3433
What are the prime factors of 1431303672?
2, 3, 79, 754907
What are the prime factors of 43435555?
5, 101, 86011
What are the prime factors of 50282723?
29, 199, 8713
What are the prime factors of 51356974?
2, 67, 383261
What are the prime factors of 32231435?
5, 6446287
List the prime factors of 3185660089.
101, 312289
List the prime factors of 642042161.
4481, 143281
List the prime factors of 1208575164.
2, 3, 100714597
List the prime factors of 2908705916.
2, 17, 29, 1475003
List the prime factors of 957088003.
27901, 34303
What are the prime factors of 17513826?
2, 3, 11, 79, 3359
What are the prime factors of 98225497?
19, 5169763
What are the prime factors of 845204622?
2, 3, 1151, 122387
List the prime factors of 448873467.
3, 7, 179, 2437
What are the prime factors of 4185762404?
2, 1046440601
What are the prime factors of 3961013?
7, 229, 353
What are the prime factors of 819680181?
3, 617, 442831
List the prime factors of 2580909830.
2, 5, 113, 2283991
List the prime factors of 56103871.
199, 257, 1097
List the prime factors of 728856936.
2, 3, 23, 440131
List the prime factors of 18510013.
18510013
List the prime factors of 1883908.
2, 13, 36229
List the prime factors of 66828465.
3, 5, 11, 135007
List the prime factors of 206347542.
2, 3, 34391257
List the prime factors of 36521742.
2, 3, 1061, 5737
List the prime factors of 14962766.
2, 7, 13, 19, 4327
List the prime factors of 205495202.
2, 11, 23, 406117
What are the prime factors of 106965030?
2, 3, 5, 179, 19919
List the prime factors of 342056464.
2, 21378529
List the prime factors of 624142924.
2, 191, 816941
What are the prime factors of 30258401?
1181, 25621
What are the prime factors of 1623309460?
2, 5, 19, 877, 4871
List the prime factors of 3020708979.
3, 23, 331, 44087
What are the prime factors of 2531000478?
2, 3, 47, 53, 169343
List the prime factors of 136351248.
2, 3, 11, 258241
What are the prime factors of 378878247?
3, 11, 3827053
List the prime factors of 1422897475.
5, 191, 297989
List the prime factors of 42024157.
7, 47, 127733
List the prime factors of 196065446.
2, 19, 5159617
What are the prime factors of 321653051?
321653051
What are the prime factors of 309569594?
2, 401, 385997
List the prime factors of 5938308875.
5, 2213, 21467
What are the prime factors of 143386973?
101, 1419673
What are the prime factors of 184675060?
2, 5, 19, 31, 61, 257
List the prime factors of 63841518.
2, 3, 13, 109, 2503
List the prime factors of 375941230.
2, 5, 7, 17, 45131
List the prime factors of 5477977061.
4093, 1338377
What are the prime factors of 2406210201?
3, 267356689
What are the prime factors of 6921409?
11, 43, 14633
List the prime factors of 148779132.
2, 3, 12398261
What are the prime factors of 35617971?
3, 41, 289577
List the prime factors of 1642995558.
2, 3, 91277531
List the prime factors of 1969930900.
2, 5, 7, 151, 18637
What are the prime factors of 933038603?
7, 133291229
What are the prime factors of 1499282578?
2, 12289, 61001
List the prime factors of 33736858.
2, 16868429
What are the prime factors of 372415723?
372415723
What are the prime factors of 246583684?
2, 487, 126583
What are the prime factors of 38361884?
2, 11, 23, 37907
List the prime factors of 438566624.
2, 37, 370411
What are the prime factors of 263569654?
2, 61, 83, 26029
What are the prime factors of 261563706?
2, 3, 14531317
List the prime factors of 121844736.
2, 3, 13, 113
List the prime factors of 217340492.
2, 53, 89, 11519
What are the prime factors of 592210738?
2, 7, 42300767
List the prime factors of 71267577.
3, 23755859
What are the prime factors of 986376705?
3, 5, 65758447
List the prime factors of 658328838.
2, 3, 109721473
List the prime factors of 4825414402.
2, 17, 141923953
What are the prime factors of 299633783?
299633783
What are the prime factors of 825474097?
7, 117924871
List the prime factors of 3195026.
2, 1597513
List the prime factors of 23924326.
2, 1223, 9781
List the prime factors of 151414028.
2, 4967, 7621
List the prime factors of 626967971.
7, 23, 3894211
What are the prime factors of 223889285?
5, 31, 1444447
What are the prime factors of 281019151?
7, 2011, 19963
List the prime factors of 2677461457.
11, 243405587
What are the prime factors of 136891001?
13, 10530077
What are the prime factors of 72850662?
2, 3, 1447, 2797
List the prime factors of 106437164.
2, 